alculate y(22).
2
Let w(v) = v**2 - 8*v + 4. Let j(x) = 2 - 31 + 0 - 12*x. Let q be j(-3). What is w(q)?
-3
Let i(o) be the first derivative of -7/3*o**3 + 3*o + 65 - 2*o**2. Calculate i(2).
-33
Let b(z) = 3*z - 15. Let u be b(5). Suppose -6 = 5*f - 2*o, o - 1 - 2 = u. Let h(i) = i - 36. Give h(f).
-36
Let j = 1 - -7. Let d(n) = -n + 7. Let q be 4/8 + 10/((-100)/(-15)). Let p(y) = 5*y - 37. Let v(w) = q*p(w) + 11*d(w). Give v(j).
-5
Let m(l) = -2*l**2 + 23*l - 23. Let g be (-36)/(-4) + -3 + (16 - 12). Calculate m(g).
7
Let h(o) = -o**3 + 7*o**2 - 3*o - 25. Let d(x) = 3*x**3 - 3*x**2 + 2*x - 10. Let c be d(2). What is h(c)?
-7
Let g(f) = -8*f**2 - 18*f**2 + 91*f**2 - f**3 + 196 - 3*f**2 - 5*f - 24*f**2. What is g(38)?
6
Let u = -289 - -313. Suppose -11*m = -5*m - u. Let s(o) = o**3 - 4*o**2 + 2*o - 6. Determine s(m).
2
Let s(p) = -p**2 + 14*p + 1. Let z(w) = 3*w**2 - 48*w - 10. Let m(a) = 4*s(a) + z(a). Determine m(5).
9
Let r(w) be the third derivative of 23*w**6/120 - w**5/30 - w**4/8 - w**3/6 + w**2 + 2*w + 2643. What is r(-1)?
-23
Let f(o) = -o + 1. Let r(q) = -2*q**2 + 13*q - 3. Let j be r(6). Suppose 4*c - j*d = -16, -4*c + 6*c + 8 = 4*d. Let u be -4*(13/c + 4). Calculate f(u).
4
Let c be 23 + 2*(-3)/(5 + -2). Let g(s) = 12 - s - c + 12 - 13. Determine g(-11).
1
Let m(i) = -i**3 - 27*i**2 + 13*i + 1014. Let d be m(-26). Let h(w) = -2*w**2 - w. Let f(a) = -a**2. Let p(g) = -f(g) + h(g). What is p(d)?
0
Let u(g) = -g - 4 - g - 16. Let n(l) = l**2 - 130*l - 8326. Let i be n(-47). Determine u(i).
-6
Let t(r) be the first derivative of -r**3/3 + 4*r**2 - 8*r - 444. Let h be (-3 + 11 - 4)*(-14)/(-8). Calculate t(h).
-1
Let f(d) = 4*d**3 - 12*d**2 - d + 4. Let h(t) = -5*t**3 + 15*t**2 + 2*t - 6. Let o(a) = 4*f(a) + 3*h(a). Let q be (4/10)/(0 + (-3)/(-15)). Calculate o(q).
-2
Suppose -24*d = -509 - 115. Let y(k) = -6*k + 142. What is y(d)?
-14
Suppose 3*l = -15, 6*l = -2*g + l + 119. Let t be g/8 + (1 - 2/2). Suppose 12 = -t*b + 3. Let j(r) = -r. Give j(b).
1
Suppose -l + 5*a = 7*a - 6, 4*l = 4*a + 24. Let b(t) = -t**3 + 6*t**2 + 4*t - 17. Calculate b(l).
7
Suppose 0 = 4*u + u - c - 31, 0 = 4*u - c - 25. Let o(g) = g**2 + 18*g - 3. Let s(z) = -z**2 - 20*z + 4. Let r(h) = u*s(h) + 7*o(h). Calculate r(-6).
3
Let a be (-15)/(-18) + 1 + 8/48. Let u(l) = 4 - a*l + 4*l - 16 - l. Calculate u(13).
1
Let d(r) = r**3 + 17*r**2 - 391*r - 30. Let x be d(-30). Let n(y) = -y**2 - y + 33. Give n(x).
33
Let d(r) = 14*r**2 + 6*r - 1. Let l(g) = g**2 + g. Let w = 45 + -41. Suppose 0 = j + 2 + w. Let t(x) = j*l(x) + d(x). Give t(-1).
7
Let p(w) be the second derivative of -w**5/4 + w**4/2 - 3*w**2/2 + 42*w. Let b(h) = 6*h**3 - 8*h**2 + 3. Let c(x) = 4*b(x) + 5*p(x). What is c(-3)?
6
Suppose -5*i = -2*t, -15 = 18*t - 15*t. Let x(g) = -10*g**3 - 3*g**2 + g + 1. Calculate x(i).
67
Let o(r) be the first derivative of -r**3/3 + 7*r**2 - 17*r - 1507. Determine o(14).
-17
Let i(l) = -l**3 + 5*l**2 + l + 1. Let d(r) = -r**2 - 28*r - 156. Let j be d(-20). Let s be -10 + j/1 - (-4 + -7). Calculate i(s).
6
Let i = 2860 + -2866. Let h(n) = -7*n + 10. Let a(q) = -3*q + 5. Let j be (1 - 2)*2 + 7. Let r(l) = j*a(l) - 2*h(l). Give r(i).
11
Let a be 408/(-60) + 18/10. Let n(r) = -r**2 - 14*r - 10. Give n(a).
35
Let g(m) be the first derivative of 103 - m + 2*m - 717*m**2 + 720*m**2. What is g(1)?
7
Let o(r) = -r**3 + 11*r**2 - 9*r - 21. Suppose 7741*x + 160 = 7757*x. Calculate o(x).
-11
Let l(y) be the second derivative of 0 - 1/2*y**2 + 0*y**3 - 83*y - 5/6*y**4. Give l(-1).
-11
Let j(z) = -z**3 - z + 30. Suppose 1387*q = 1399*q. Give j(q).
30
Let x be (126/28)/((1/4)/(3/(-9))). Let r(j) = -j**3 - 7*j**2 - 7*j + 5. Determine r(x).
11
Let k(l) = 4 + 360*l + 2*l**2 + 2*l**3 + l**3 - 174*l - 190*l. What is k(-3)?
-47
Let z(v) = 2*v**2 - 73*v + 79. Suppose -3035*i = -3*j - 3031*i + 93, -3*j = -i - 102. What is z(j)?
-26
Suppose l - 30 = -4*l. Suppose l*g - 4*g = 0. Suppose -s + 2 + g = 0. Let d(b) = 3*b. What is d(s)?
6
Let r(x) be the third derivative of -5*x**4/8 - 11*x**3/3 - 3073*x**2. Calculate r(-1).
-7
Let v(i) = -i**2 - 13*i + 4. Suppose 4248*a = 4287*a + 546. Give v(a).
-10
Let g(y) = y**3 + 6. Let t(a) = -6*a**3 + 6*a**2 + 2*a - 23. Let f(i) = 5*g(i) + t(i). Suppose -5*k + 2*q + 29 = 3*q, 0 = 5*k - 2*q - 32. Give f(k).
19
Let i(x) = -2*x**2 - 9*x - 14. Suppose -3*b - 175 = -166. What is i(b)?
-5
Suppose 31*j = 34*j + 9. Suppose 2*u - 3 = u. Let p(h) = 0*h + 11 - u*h - h**2 - h - 15. Determine p(j).
-1
Let r(a) = -a**3 + 5*a**2 + 5*a + 5. Let w(n) = 2*n**3 - 5*n**2 - 6*n - 5. Let f(t) = -3*r(t) - 2*w(t). Let q be 14/(-3)*(-8 - (-806)/91). What is f(q)?
-9
Let v(l) be the third derivative of -37*l**4/24 - l**3/6 - 659*l**2. Give v(1).
-38
Let m(d) = -4*d - 21. Let z be m(-5). Let j(v) be the first derivative of v + 1/4*v**4 + 66 + 0*v**2 - 1/3*v**3. Determine j(z).
-1
Let p = -4516 + 4520. Let s(i) be the first derivative of -1/4*i**p - 5*i - 19 - 2*i**3 + 0*i**2. What is s(-6)?
-5
Let z(r) = 8 + 5 - 1107*r**2 + 1108*r**2 + 8*r. Give z(-2).
1
Let h(w) = -w**2 - 254*w + 14. Let c be h(0). Let o(i) = i**2 - 18*i + 51. Give o(c).
-5
Let a = 6 - -1. Let r = -6 + a. Let m(y) = -4*y - 5*y + 8 - 7. What is m(r)?
-8
Let g(u) = 3*u + 14. Let f be (3/(-12) + 1)*(15 + 17). Suppose -t - k = 2, 22 = 23*t - f*t + 4*k. Give g(t).
-4
Let i(g) be the third derivative of 0 + 1/12*g**5 + 0*g**4 + 1/120*g**6 + 17*g + 2*g**2 - 1/6*g**3. What is i(-5)?
-1
Let d(m) be the third derivative of m**4/3 + 5*m**3/6 - 3*m**2 - 1. Suppose -5*p + 6 = 4*t, 114*p - 110*p = 3*t + 11. What is d(t)?
-3
Let w(q) = 80*q + 89*q + 85*q + 89*q - 342*q - 1. Determine w(6).
5
Let t = -53 - -60. Let y(g) = -76 - g + 83 - 5*g - t*g + g**2. Calculate y(12).
-5
Let g(x) be the first derivative of x**4/4 + x**2/2 - 1074. Suppose 5*i - 3*b + 10 = 0, 2*i + 0*i - 5*b + 23 = 0. What is g(i)?
2
Let s be (-9)/(189/12) + ((-1180)/14)/10. Let b(j) = j**3 + 9*j**2 + 4*j + 10. What is b(s)?
-26
Let b(y) = 41*y - 19*y**2 + 22*y**2 - 971201 + 971197. What is b(-11)?
-92
Suppose -4*l + 211*o = 212*o + 8, 2*o - 2 = -2*l. Let k(r) = 2*r**3 - 4*r**2 - 6*r - 3. Determine k(l).
-75
Let h(j) = -j + 18. Let x be h(17). Let p be -5*(-3 - (-3 + x)). Let f(q) = 6*q - p*q - 11 + 11. Give f(-6).
-6
Let u be -3 - (-26 + 24)/(-1 - -2). Let p(x) be the third derivative of -x**4/6 + x**3/6 + 7*x**2. Calculate p(u).
5
Let a(t) = -6*t + 25. Let h(f) = -45*f + 731. Let m be h(16). Give a(m).
-41
Let i(z) = -3*z**2 + 3*z - 2. Let f = 1226 + -1225. Determine i(f).
-2
Let j(s) = -859 + 1502 - 24*s**2 - 644 + 2*s. Let u be (2 + (-3 - -2))*1. Determine j(u).
-23
Let p(a) = -a**3 - 4*a**2 + 4*a - 1. Let w be 11/66 - 31/6. Let m be p(w). Suppose m = o + 4. Let b(y) = -y - 12. Calculate b(o).
-12
Let z be 12/10*(-40)/12. Let v(b) be the first derivative of b**4/12 + b**3/3 + 33*b + 18. Let k(l) be the first derivative of v(l). Calculate k(z).
8
Suppose 0*n + 11*n - 88 = 0. Let c(z) be the third derivative of -z**4/12 + 7*z**3/6 + 217*z**2. Determine c(n).
-9
Suppose -2 = -4*d + 3*r - 1, 5*d - 30 = -2*r. Let h be ((-30)/26 + d/26)*-5. Let x(a) = a**2 - 3*a - 1. Calculate x(h).
9
Suppose 0 = 3*m - 25 + 10. Suppose -x = a + 3*a - m, -a = -x. Let d(p) = a + 11*p + 7*p - 23*p + 8*p. What is d(-1)?
-2
Let s(j) = j**2 + 20*j + 96. Let w be s(-12). Let v(t) = -4*t - 9*t**2 + t**3 - 6 + 0*t + w*t**3 + 4*t. What is v(9)?
-6
Let l be (4/6)/((-1232)/2100 - (-6)/(-75)). Let s(o) = 34*o + 2. What is s(l)?
-32
Let n be (-21)/(-14)*2/(4/4). Let b(r) = 11*r - 24. What is b(n)?
9
Let o(n) = -n**2 - n + 22. Let u be o(4). Let d(v) = v + 2*v - 5*v**3 - 49*v**u + 46*v**2 - 2. Determine d(2).
-48
Let t(n) be the third derivative of 1/60*n**5 + 2/3*n**3 - 1/6*n**4 - 13*n**2 - n + 0. Calculate t(7).
25
Let f(d) = -5*d**3 + d**2. Let v be (-24)/40 - (-12)/(-5). Let c be v/(-15) + (-9)/(-5) + -25. Let n = -22 - c. Give f(n).
-4
Let j(u) = u**3 - 2*u - 1. Let c(x) = 4*x**2 - 2*x - 2. Suppose 0 = 3*k - 2 + 5. Let p be c(k). Suppose 2*g = -2*r - 4, 5*g - 10 + 2 = p*r. Calculate j(r).
-5
Suppose -3*k + 3*s - 5 = -20, -2*s - 6 = 0. Suppose n - 17 = -u, -6*u = -k*u + 2*n - 70. Let g(a) = -4 + u*a - 40*a - 3 + 19*a. What is g(-6)?
11
Let q(r) = 15*r**2 - r. Suppose -6*m = -5 - 7. Let u(c) = -